 3547258 (base 10) to base 7.
42102601
Convert -2320510 (base 6) to base 16.
-1d27a
22312210233 (base 4) to base 14
540b27
-b2c7 (base 15) to base 2
-1001001110000010
What is -17664 (base 14) in base 2?
-1110011000001000
-3506725 (base 8) to base 3
-1210110101102
What is 25646745 (base 8) in base 14?
a8d19b
1011000100101000001000 (base 2) to base 3
12110110112100
-5315a (base 13) to base 8
-444210
-1c38d9 (base 15) to base 7
-14502264
Convert 1133d0b (base 14) to base 9.
16367206
-109ca36 (base 14) to base 15
-a63b7b
-12089 (base 15) to base 14
-16d56
Convert 2631545 (base 12) to base 11.
4283174
What is 201120242 (base 5) in base 13?
220972
Convert 226255 (base 8) to base 16.
12cad
Convert 220120001 (base 3) to base 5.
1033102
What is -287176 (base 14) in base 6?
-50020552
Convert -125404 (base 10) to base 5.
-13003104
What is -1000100100010011111101 (base 2) in base 14?
-426685
Convert -ba643a (base 12) to base 13.
-7c6324
-127542 (base 8) to base 4
-22331202
What is 10000001010010100100 (base 2) in base 15?
a6d9c
Convert -22535422 (base 7) to base 6.
-110202021
Convert -720731 (base 8) to base 16.
-3a1d9
What is -101120011 (base 3) in base 7?
-31306
What is 40a7f (base 16) in base 4?
1000221333
Convert 1222212143 (base 5) to base 14.
56361a
14363844 (base 9) to base 15
95c081
What is -24425104 (base 6) in base 12?
-318194
What is 150925 (base 11) in base 8?
713554
-ba709 (base 12) to base 11
-159134
Convert -20024244 (base 5) to base 12.
-7758a
-46b1b (base 14) to base 6
-3405421
Convert 13334432 (base 5) to base 12.
67257
What is -23200423 (base 6) in base 13?
-1c0905
What is -111000011000101 (base 2) in base 3?
-1110121020
Convert 11212110201011 (base 3) to base 5.
1130301423
What is -22415621 (base 8) in base 11?
-2817a21
-131311201132 (base 4) to base 3
-112201100221201
Convert -286621 (base 9) to base 5.
-21103330
Convert -2210643 (base 8) to base 16.
-911a3
5c854e (base 15) to base 13
bc2733
Convert 10313020301 (base 5) to base 13.
23a4b57
What is -3055402 (base 6) in base 7?
-1153352
What is -176132 (base 9) in base 6?
-2202432
Convert -5a2554 (base 14) to base 3.
-12210110201111
-1755537 (base 9) to base 14
-1b7a77
What is -15517 (base 14) in base 12?
-26901
Convert 5355012 (base 6) to base 4.
1000133300
-2202221221 (base 3) to base 13
-1bb47
Convert 333022123 (base 4) to base 3.
111010220001
1334e0 (base 15) to base 5
214004420
What is -32523220 (base 6) in base 13?
-281c1c
Convert 99069 (base 11) to base 3.
21022021210
What is 1010101010110001111 (base 2) in base 13?
c3170
Convert 11142041 (base 5) to base 3.
12001200121
78809a (base 14) to base 8
17474350
Convert 4a3716 (base 11) to base 3.
1111102011220
-6a637 (base 15) to base 6
-11132554
-20304411 (base 5) to base 14
-44819
What is 13b590a (base 12) in base 15?
5366b7
What is 2420433 (base 5) in base 4?
23000332
Convert -1004102232 (base 5) to base 4.
-13230323323
-255131 (base 11) to base 12
-174859
What is -277280 (base 10) in base 14?
-7309a
What is -20015252 (base 7) in base 16?
-193289
Convert 133340514 (base 6) to base 3.
12001120101001
Convert -3034243 (base 6) to base 2.
-100011010110110011
What is -1001200200220 (base 3) in base 6?
-20034340
Convert -643234 (base 7) to base 6.
-2220354
Convert -47b4a7 (base 12) to base 5.
-244111231
Convert 20001211310 (base 4) to base 9.
3855618
What is 14355162 (base 7) in base 5?
321431443
Convert 20100202220 (base 3) to base 7.
1031040
What is 20121100221122 (base 3) in base 12?
121388b
What is 171783 (base 9) in base 6?
2140203
-13134212 (base 5) to base 2
-11111110111111101
Convert -643260 (base 10) to base 14.
-12a5d2
What is -23202302 (base 4) in base 10?
-47282
What is -1c416 (base 15) in base 10?
-92046
35355224 (base 6) to base 12
452b14
-4245332 (base 6) to base 7
-1526033
Convert 14966b (base 16) to base 8.
5113153
What is -6519 (base 12) in base 4?
-2231211
130444 (base 7) to base 8
57256
What is -11027253 (base 8) in base 2?
-1001000010111010101011
What is 105155000 (base 6) in base 8?
7266050
-cc2ca (base 13) to base 11
-232760
332213301 (base 5) to base 15
1d816b
Convert -114010234 (base 5) to base 11.
-333726
-1110111101010000 (base 2) to base 9
-103031
2044355 (base 6) to base 3
12001111022
What is 677b9 (base 12) in base 11?
94477
What is 1404493 (base 10) in base 13?
3a237c
21213321 (base 5) to base 8
536013
What is 289b58 (base 15) in base 2?
111011101101101001011
What is -113223030 (base 4) in base 10?
-96972
-210503 (base 13) to base 6
-24314015
Convert 30007 (base 10) to base 12.
15447
436446 (base 9) to base 15
52349
Convert 33102311023 (base 4) to base 15.
542e11
What is -312131110 (base 5) in base 8?
-4720405
What is -30b03 (base 13) in base 2?
-10101010111111001
-5a9729 (base 15) to base 6
-232525550
What is 19874 (base 15) in base 8?
241735
What is -21230 (base 10) in base 15?
-6455
What is 100010122111 (base 3) in base 8?
537136
Convert 37027 (base 11) to base 14.
155ad
-461ba4 (base 15) to base 10
-3347254
253a42 (base 12) to base 11
3858a4
What is -23343441 (base 5) in base 13?
-77118
-7ba402 (base 12) to base 16
-1e54c2
What is 1010101111001010010010 (base 2) in base 8?
12571222
What is 1322221012 (base 5) in base 15?
458b22
Convert -10111001010000000100 (base 2) to base 10.
-758788
What is 350910 (base 12) in base 5?
204221414
Convert c8a96 (base 14) to base 13.
13ca06
What is -225289 (base 12) in base 4?
-2011311021
What is 712714 (base 8) in base 6?
5011432
Convert 1000101001222 (base 3) to base 10.
538784
Convert c13a9 (base 14) to base 13.
133549
What is 252 (base 12) in base 5?
2400
Convert -310054 (base 11) to base 12.
-200139
502689 (base 11) to base 16
c5724
What is -1436213 (base 9) in base 8?
-3012474
Convert -36828 (base 12) to base 14.
-1cc48
Convert -1213514142 (base 6) to base 13.
-2b57b3b
-1103112313 (base 4) to base 14
-8c5dd
31020 (base 6) to base 15
1346
1201030330 (base 4) to base 6
12311124
What is -12212121 (base 4) in base 12?
-13789
What is 50610133 (base 7) in base 12?
14b6887
-c1da9 (base 16) to base 8
-3016651
Convert 101758a (base 12) to base 16.
2e137a
110011001001100001110 (base 2) to base 9
3134083
145405 (base 8) to base 3
2122021221
1903754 (base 10) to base 15
27911e
Convert 228069 (base 12) to base 13.
164958
-3312132321 (base 4) to base 13
-2946c0
What is 572160 (base 8) in base 10?
193648
What is -154069 (base 11) in base 6?
-5045303
Convert 11167651 (base 8) to base 11.
1403740
What is 79251 (base 16) in base 4?
1321021101
c80c53 (base 13) to base 8
21700424
-c5cb3 (base 14) to base 10
-477221
Convert -5490a (base 11) to base 5.
-10022003
2221314221 (base 5) to base 10
4869936
887161 (base 9) to base 7
4335352
Convert 1030123212 (base 4) to base 6.
10413210
What is 2134536 (base 7) in base 2?
111111101101011000
-1011101110011110101010 (base 2) to base 16
-2ee7aa
Convert 108852 (base 11) to base 12.
83b58
Convert -11334332 (base 6) to base 4.
-1112213300
130402200 (base 6) to base 12
a30360
Convert 100010101100010110100 (base 2) to base 12.
469a70
414205 (base 8) to base 10
137349
36567 (base 11) to base 13
1ac22
Convert e109 (base 15) to base 13.
187c8
Convert -146403566 (base 7) to base 14.
-143d86d
What is 20746523 (base 9) in base 15?
d2b050
What is 2373892 (base 13) in base 9?
22577474
What is -1637a7 (base 11) in base 14?
-68726
Convert 11103202200 (base 4) to base 15.
1c711c
Convert -122a4b1 (base 12) to base 3.
-20200000020021
-100212232 (base 4) to base 10
-68014
Convert 11001100011001100010 (base 2) to base 5.
203242333
What is -1bd04 (base 14) in base 16?
-115f0
What is 143210 (base 8) in base 4?
30122020
Convert 1111101010100000100 (base 2) to base 14.
d50b2
What is 107d0 (base 14) in base 10?
39970
Convert 150503125 (base 7) to base 5.
10022431043
Convert 15426 (base 13) to base 11.
28275
Convert -1001101011101101111010 (base 2) to base 14.
-4a10b8
Convert 62c786 (base 15) to base 14.
8a4a0d
Convert -35320215 (base 6) to base 14.
-208787
Convert -411e4a (base 15) to base 10.
-3094720
What is -5067547 (base 10) in base 9?
-10473327
-1343220311 (base 6) to base 2
-111110100010100100010011
-2248685 (base 9) to base 8
-4502263
Convert -10100111101101 (base 2) to base 16.
-29ed
-140e438 (base 15) to base 6
-1234140012
What is 424431 (base 6) in base 16